[INFO] cloning repository https://github.com/atellix/slab-alloc
[INFO] running `Command { std: "git" "-c" "credential.helper=" "-c" "credential.helper=/workspace/cargo-home/bin/git-credential-null" "clone" "--bare" "https://github.com/atellix/slab-alloc" "/workspace/cache/git-repos/https%3A%2F%2Fgithub.com%2Fatellix%2Fslab-alloc", kill_on_drop: false }`
[INFO] [stderr] Cloning into bare repository '/workspace/cache/git-repos/https%3A%2F%2Fgithub.com%2Fatellix%2Fslab-alloc'...
[INFO] running `Command { std: "git" "rev-parse" "HEAD", kill_on_drop: false }`
[INFO] [stdout] 00d05ebd08746e8309de5c6c823bda06a639d9d4
[INFO] checking atellix/slab-alloc against master#9610dfe5a9a731ced1ea4923ecbd0c57fe367898 for beta-170-4
[INFO] running `Command { std: "git" "clone" "/workspace/cache/git-repos/https%3A%2F%2Fgithub.com%2Fatellix%2Fslab-alloc" "/workspace/builds/worker-3-tc1/source", kill_on_drop: false }`
[INFO] [stderr] Cloning into '/workspace/builds/worker-3-tc1/source'...
[INFO] [stderr] done.
[INFO] validating manifest of git repo https://github.com/atellix/slab-alloc on toolchain 9610dfe5a9a731ced1ea4923ecbd0c57fe367898
[INFO] running `Command { std: CARGO_HOME="/workspace/cargo-home" RUSTUP_HOME="/workspace/rustup-home" "/workspace/cargo-home/bin/cargo" "+9610dfe5a9a731ced1ea4923ecbd0c57fe367898" "metadata" "--manifest-path" "Cargo.toml" "--no-deps", kill_on_drop: false }`
[INFO] started tweaking git repo https://github.com/atellix/slab-alloc
[INFO] finished tweaking git repo https://github.com/atellix/slab-alloc
[INFO] tweaked toml for git repo https://github.com/atellix/slab-alloc written to /workspace/builds/worker-3-tc1/source/Cargo.toml
[INFO] crate git repo https://github.com/atellix/slab-alloc already has a lockfile, it will not be regenerated
[INFO] running `Command { std: CARGO_HOME="/workspace/cargo-home" RUSTUP_HOME="/workspace/rustup-home" "/workspace/cargo-home/bin/cargo" "+9610dfe5a9a731ced1ea4923ecbd0c57fe367898" "fetch" "--manifest-path" "Cargo.toml", kill_on_drop: false }`
[INFO] [stderr]     Updating crates.io index
[INFO] [stderr]  Downloading crates ...
[INFO] [stderr]   Downloaded num_enum_derive v0.5.3
[INFO] [stderr]   Downloaded murmur3 v0.5.1
[INFO] [stderr]   Downloaded solana-frozen-abi-macro v1.13.7
[INFO] [stderr]   Downloaded num_enum v0.5.3
[INFO] [stderr]   Downloaded solana-frozen-abi v1.13.7
[INFO] [stderr]   Downloaded solana-sdk-macro v1.13.7
[INFO] [stderr]   Downloaded solana-program v1.13.7
[INFO] running `Command { std: "docker" "create" "-v" "/var/lib/crater-agent-workspace/builds/worker-3-tc1/target:/opt/rustwide/target:rw,Z" "-v" "/var/lib/crater-agent-workspace/builds/worker-3-tc1/source:/opt/rustwide/workdir:ro,Z" "-v" "/var/lib/crater-agent-workspace/cargo-home:/opt/rustwide/cargo-home:ro,Z" "-v" "/var/lib/crater-agent-workspace/rustup-home:/opt/rustwide/rustup-home:ro,Z" "-e" "SOURCE_DIR=/opt/rustwide/workdir" "-e" "CARGO_TARGET_DIR=/opt/rustwide/target" "-e" "CARGO_HOME=/opt/rustwide/cargo-home" "-e" "RUSTUP_HOME=/opt/rustwide/rustup-home" "-w" "/opt/rustwide/workdir" "-m" "1610612736" "--user" "0:0" "--network" "none" "ghcr.io/rust-lang/crates-build-env/linux@sha256:19e73879b68f455e41552ea35293514db52ea292d993f571636dbffedb77a1ee" "/opt/rustwide/cargo-home/bin/cargo" "+9610dfe5a9a731ced1ea4923ecbd0c57fe367898" "metadata" "--no-deps" "--format-version=1", kill_on_drop: false }`
[INFO] [stdout] 5f2dd989e00cbf851de5308e9b96a2dd81fc9eec26805cb928e3029566d6a966
[INFO] running `Command { std: "docker" "start" "-a" "5f2dd989e00cbf851de5308e9b96a2dd81fc9eec26805cb928e3029566d6a966", kill_on_drop: false }`
[INFO] running `Command { std: "docker" "inspect" "5f2dd989e00cbf851de5308e9b96a2dd81fc9eec26805cb928e3029566d6a966", kill_on_drop: false }`
[INFO] running `Command { std: "docker" "rm" "-f" "5f2dd989e00cbf851de5308e9b96a2dd81fc9eec26805cb928e3029566d6a966", kill_on_drop: false }`
[INFO] [stdout] 5f2dd989e00cbf851de5308e9b96a2dd81fc9eec26805cb928e3029566d6a966
[INFO] running `Command { std: "docker" "create" "-v" "/var/lib/crater-agent-workspace/builds/worker-3-tc1/target:/opt/rustwide/target:rw,Z" "-v" "/var/lib/crater-agent-workspace/builds/worker-3-tc1/source:/opt/rustwide/workdir:ro,Z" "-v" "/var/lib/crater-agent-workspace/cargo-home:/opt/rustwide/cargo-home:ro,Z" "-v" "/var/lib/crater-agent-workspace/rustup-home:/opt/rustwide/rustup-home:ro,Z" "-e" "SOURCE_DIR=/opt/rustwide/workdir" "-e" "CARGO_TARGET_DIR=/opt/rustwide/target" "-e" "CARGO_INCREMENTAL=0" "-e" "RUST_BACKTRACE=full" "-e" "RUSTFLAGS=--cap-lints=forbid" "-e" "RUSTDOCFLAGS=--cap-lints=forbid" "-e" "CARGO_HOME=/opt/rustwide/cargo-home" "-e" "RUSTUP_HOME=/opt/rustwide/rustup-home" "-w" "/opt/rustwide/workdir" "-m" "1610612736" "--user" "0:0" "--network" "none" "ghcr.io/rust-lang/crates-build-env/linux@sha256:19e73879b68f455e41552ea35293514db52ea292d993f571636dbffedb77a1ee" "/opt/rustwide/cargo-home/bin/cargo" "+9610dfe5a9a731ced1ea4923ecbd0c57fe367898" "check" "--frozen" "--all" "--all-targets" "--message-format=json", kill_on_drop: false }`
[INFO] [stdout] fb3fa13f70ba67d317b4582539d2eda9f6b243128d67efa9dbd61400cc2a0ffb
[INFO] running `Command { std: "docker" "start" "-a" "fb3fa13f70ba67d317b4582539d2eda9f6b243128d67efa9dbd61400cc2a0ffb", kill_on_drop: false }`
[INFO] [stderr]    Compiling proc-macro2 v1.0.59
[INFO] [stderr]    Compiling unicode-ident v1.0.9
[INFO] [stderr]    Compiling quote v1.0.28
[INFO] [stderr]    Compiling serde v1.0.163
[INFO] [stderr]    Compiling typenum v1.16.0
[INFO] [stderr]    Compiling version_check v0.9.3
[INFO] [stderr]     Checking cfg-if v1.0.0
[INFO] [stderr]    Compiling syn v1.0.74
[INFO] [stderr]    Compiling unicode-xid v0.2.2
[INFO] [stderr]    Compiling autocfg v1.1.0
[INFO] [stderr]    Compiling libc v0.2.99
[INFO] [stderr]     Checking subtle v2.4.1
[INFO] [stderr]    Compiling semver v1.0.17
[INFO] [stderr]    Compiling crunchy v0.2.2
[INFO] [stderr]    Compiling generic-array v0.14.7
[INFO] [stderr]    Compiling crossbeam-utils v0.8.15
[INFO] [stderr]    Compiling memoffset v0.8.0
[INFO] [stderr]    Compiling log v0.4.14
[INFO] [stderr]    Compiling syn v2.0.18
[INFO] [stderr]    Compiling rustc_version v0.4.0
[INFO] [stderr]    Compiling crossbeam-epoch v0.9.14
[INFO] [stderr]    Compiling getrandom v0.1.16
[INFO] [stderr]    Compiling wasm-bindgen-shared v0.2.86
[INFO] [stderr]     Checking scopeguard v1.1.0
[INFO] [stderr]    Compiling rayon-core v1.11.0
[INFO] [stderr]     Checking crossbeam-channel v0.5.8
[INFO] [stderr]     Checking rand_core v0.5.1
[INFO] [stderr]     Checking num_cpus v1.15.0
[INFO] [stderr]     Checking crossbeam-deque v0.8.3
[INFO] [stderr]    Compiling once_cell v1.17.2
[INFO] [stderr]     Checking either v1.6.1
[INFO] [stderr]    Compiling feature-probe v0.1.1
[INFO] [stderr]    Compiling bumpalo v3.13.0
[INFO] [stderr]    Compiling solana-frozen-abi-macro v1.13.7
[INFO] [stderr]     Checking bitmaps v2.1.0
[INFO] [stderr]    Compiling im v15.1.0
[INFO] [stderr]    Compiling bv v0.11.1
[INFO] [stderr]     Checking rand_core v0.6.4
[INFO] [stderr]    Compiling rustversion v1.0.5
[INFO] [stderr]    Compiling cc v1.0.69
[INFO] [stderr]     Checking ppv-lite86 v0.2.10
[INFO] [stderr]     Checking rand_xoshiro v0.6.0
[INFO] [stderr]     Checking rayon v1.7.0
[INFO] [stderr]    Compiling solana-frozen-abi v1.13.7
[INFO] [stderr]     Checking sized-chunks v0.6.5
[INFO] [stderr]    Compiling num-traits v0.2.14
[INFO] [stderr]     Checking rand_chacha v0.2.2
[INFO] [stderr]     Checking cpufeatures v0.2.7
[INFO] [stderr]     Checking cpufeatures v0.1.5
[INFO] [stderr]    Compiling wasm-bindgen v0.2.86
[INFO] [stderr]     Checking ahash v0.4.7
[INFO] [stderr]     Checking arrayref v0.3.6
[INFO] [stderr]     Checking opaque-debug v0.3.0
[INFO] [stderr]     Checking hashbrown v0.9.1
[INFO] [stderr]     Checking rand v0.7.3
[INFO] [stderr]    Compiling solana-program v1.13.7
[INFO] [stderr]     Checking memmap2 v0.5.10
[INFO] [stderr]    Compiling wasm-bindgen-backend v0.2.86
[INFO] [stderr]    Compiling blake3 v1.3.3
[INFO] [stderr]     Checking keccak v0.1.4
[INFO] [stderr]     Checking base64 v0.12.3
[INFO] [stderr]     Checking constant_time_eq v0.2.5
[INFO] [stderr]     Checking arrayvec v0.7.2
[INFO] [stderr]     Checking bs58 v0.4.0
[INFO] [stderr]     Checking byteorder v1.4.3
[INFO] [stderr]     Checking zeroize v1.3.0
[INFO] [stderr]     Checking lazy_static v1.4.0
[INFO] [stderr]     Checking itertools v0.10.5
[INFO] [stderr]     Checking base64 v0.13.1
[INFO] [stderr]    Compiling wasm-bindgen-macro-support v0.2.86
[INFO] [stderr]     Checking bitflags v1.3.2
[INFO] [stderr]     Checking murmur3 v0.5.1
[INFO] [stderr]     Checking static_assertions v1.1.0
[INFO] [stderr]    Compiling borsh-schema-derive-internal v0.9.1
[INFO] [stderr]    Compiling borsh-derive-internal v0.9.1
[INFO] [stderr]    Compiling serde_derive v1.0.163
[INFO] [stderr]    Compiling bytemuck_derive v1.4.1
[INFO] [stderr]    Compiling wasm-bindgen-macro v0.2.86
[INFO] [stderr]    Compiling thiserror-impl v1.0.26
[INFO] [stderr]    Compiling derivative v2.2.0
[INFO] [stderr]    Compiling num-derive v0.3.3
[INFO] [stderr]    Compiling solana-sdk-macro v1.13.7
[INFO] [stderr]     Checking bytemuck v1.7.2
[INFO] [stderr]    Compiling thiserror v1.0.26
[INFO] [stderr]     Checking serde_bytes v0.11.5
[INFO] [stderr]     Checking bincode v1.3.3
[INFO] [stderr]    Compiling toml v0.5.8
[INFO] [stderr]     Checking digest v0.9.0
[INFO] [stderr]     Checking crypto-common v0.1.6
[INFO] [stderr]     Checking block-buffer v0.10.4
[INFO] [stderr]     Checking crypto-mac v0.8.0
[INFO] [stderr]     Checking block-buffer v0.9.0
[INFO] [stderr]     Checking libsecp256k1-core v0.2.2
[INFO] [stderr]     Checking digest v0.10.7
[INFO] [stderr]     Checking curve25519-dalek v3.2.1
[INFO] [stderr]     Checking hmac v0.8.1
[INFO] [stderr]     Checking sha2 v0.9.5
[INFO] [stderr]     Checking hmac-drbg v0.3.0
[INFO] [stderr]     Checking sha2 v0.10.6
[INFO] [stderr]     Checking sha3 v0.10.8
[INFO] [stderr]    Compiling proc-macro-crate v0.1.5
[INFO] [stderr]    Compiling proc-macro-crate v1.0.0
[INFO] [stderr]    Compiling borsh-derive v0.9.1
[INFO] [stderr]    Compiling num_enum_derive v0.5.3
[INFO] [stderr]    Compiling libsecp256k1-gen-ecmult v0.2.1
[INFO] [stderr]    Compiling libsecp256k1-gen-genmult v0.2.1
[INFO] [stderr]    Compiling libsecp256k1 v0.6.0
[INFO] [stderr]     Checking borsh v0.9.1
[INFO] [stderr]     Checking num_enum v0.5.3
[INFO] [stderr]     Checking slab-alloc v1.0.7 (/opt/rustwide/workdir)
[INFO] [stdout] error[E0433]: failed to resolve: use of undeclared crate or module `fmt`
[INFO] [stdout]     --> src/lib.rs:1328:21
[INFO] [stdout]      |
[INFO] [stdout] 1328 |             let s = fmt::format(format_args!("Hello, {}!", k));
[INFO] [stdout]      |                     ^^^ use of undeclared crate or module `fmt`
[INFO] [stdout] 
[INFO] [stdout] 
[INFO] [stdout] error[E0061]: this function takes 3 arguments but 2 arguments were supplied
[INFO] [stdout]     --> src/lib.rs:1329:24
[INFO] [stdout]      |
[INFO] [stdout] 1329 |             let node = LeafNode::new(CritMap::str_hash(s), k as u32);
[INFO] [stdout]      |                        ^^^^^^^^^^^^^-------------------------------- an argument of type `&Pubkey` is missing
[INFO] [stdout]      |
[INFO] [stdout] note: associated function defined here
[INFO] [stdout]     --> src/lib.rs:451:12
[INFO] [stdout]      |
[INFO] [stdout] 451  |     pub fn new(
[INFO] [stdout]      |            ^^^
[INFO] [stdout] 452  |         key: u128,
[INFO] [stdout]      |         ---------
[INFO] [stdout] 453  |         slot: u32,
[INFO] [stdout]      |         ---------
[INFO] [stdout] 454  |         owner: &Pubkey,
[INFO] [stdout]      |         --------------
[INFO] [stdout] help: provide the argument
[INFO] [stdout]      |
[INFO] [stdout] 1329 |             let node = LeafNode::new(CritMap::str_hash(s), k as u32, /* &Pubkey */);
[INFO] [stdout]      |                                     ~~~~~~~~~~~~~~~~~~~~~~~~~~~~~~~~~~~~~~~~~~~~~~~
[INFO] [stdout] 
[INFO] [stdout] 
[INFO] [stdout] error[E0433]: failed to resolve: use of undeclared crate or module `fmt`
[INFO] [stdout]     --> src/lib.rs:1333:18
[INFO] [stdout]      |
[INFO] [stdout] 1333 |         let s1 = fmt::format(format_args!("Hello, {}!", 3));
[INFO] [stdout]      |                  ^^^ use of undeclared crate or module `fmt`
[INFO] [stdout] 
[INFO] [stdout] 
[INFO] [stdout] error[E0433]: failed to resolve: use of undeclared crate or module `fmt`
[INFO] [stdout]     --> src/lib.rs:1335:18
[INFO] [stdout]      |
[INFO] [stdout] 1335 |         let s2 = fmt::format(format_args!("Hello, {}!", 8));
[INFO] [stdout]      |                  ^^^ use of undeclared crate or module `fmt`
[INFO] [stdout] 
[INFO] [stdout] 
[INFO] [stdout] error[E0599]: no method named `data` found for reference `&LeafNode` in the current scope
[INFO] [stdout]     --> src/lib.rs:1341:48
[INFO] [stdout]      |
[INFO] [stdout] 1341 |             println!("Leaf ID: {} {}", istr, i.data().to_string());
[INFO] [stdout]      |                                                ^^^^ method not found in `&LeafNode`
[INFO] [stdout] 
[INFO] [stdout] 
[INFO] [stdout] error: aborting due to 5 previous errors
[INFO] [stdout] 
[INFO] [stdout] 
[INFO] [stdout] Some errors have detailed explanations: E0061, E0433, E0599.
[INFO] [stdout] 
[INFO] [stdout] For more information about an error, try `rustc --explain E0061`.
[INFO] [stdout] 
[INFO] [stderr] error: could not compile `slab-alloc` (lib test) due to 6 previous errors
[INFO] running `Command { std: "docker" "inspect" "fb3fa13f70ba67d317b4582539d2eda9f6b243128d67efa9dbd61400cc2a0ffb", kill_on_drop: false }`
[INFO] running `Command { std: "docker" "rm" "-f" "fb3fa13f70ba67d317b4582539d2eda9f6b243128d67efa9dbd61400cc2a0ffb", kill_on_drop: false }`
[INFO] [stdout] fb3fa13f70ba67d317b4582539d2eda9f6b243128d67efa9dbd61400cc2a0ffb
